{"id":2463,"date":"2016-06-20T00:55:42","date_gmt":"2016-06-19T22:55:42","guid":{"rendered":"http:\/\/ff-margarethenhoehe.de\/?page_id=2463"},"modified":"2024-03-17T14:58:03","modified_gmt":"2024-03-17T13:58:03","slug":"truppfuehrer","status":"publish","type":"page","link":"https:\/\/ff-margarethenhoehe.de\/?page_id=2463","title":{"rendered":"Truppf\u00fchrer"},"content":{"rendered":"<p style=\"text-align: justify;\"><span style=\"font-family: Arial,sans-serif;\"><br \/>\nZiel der Ausbildung ist die Bef\u00e4higung zum F\u00fchren eines Trupps (zwei Feuerwehrangeh\u00f6rige) nach Auftrag innerhalb des Feuerwehreinsatzes. Hier wird den Feuerwehrangeh\u00f6rigen ein hohes Ma\u00df Verantwortung \u00fcbertragen. Die Teilnehmer lernen innerhalb der Mannschaft nach Auftrag fachlich, richtig und selbstst\u00e4ndig zu handeln. Ein Truppf\u00fchrer muss Gefahren beim Einsatz erkennen, diese entsprechend bek\u00e4mpfen oder seinen Trupp vor Ihnen sch\u00fctzen und dies dem Gruppenf\u00fchrer melden. Die Truppf\u00fchrerausbildung ist Voraussetzung f\u00fcr s\u00e4mtliche nachfolgende F\u00fchrungs &#8211; und Fachlehrg\u00e4nge.<\/span><\/p>\n","protected":false},"excerpt":{"rendered":"<p>Ziel der Ausbildung ist die Bef\u00e4higung zum F\u00fchren eines Trupps (zwei Feuerwehrangeh\u00f6rige) nach Auftrag innerhalb des Feuerwehreinsatzes. Hier wird den Feuerwehrangeh\u00f6rigen ein hohes Ma\u00df Verantwortung \u00fcbertragen. Die Teilnehmer lernen innerhalb der Mannschaft nach Auftrag fachlich, richtig und selbstst\u00e4ndig zu handeln. Ein Truppf\u00fchrer muss Gefahren beim Einsatz erkennen, diese entsprechend bek\u00e4mpfen oder seinen Trupp vor Ihnen [&hellip;]<\/p>\n","protected":false},"author":1,"featured_media":0,"parent":2449,"menu_order":4,"comment_status":"closed","ping_status":"closed","template":"full-width","meta":{"saved_in_kubio":true,"footnotes":"","_links_to":"","_links_to_target":""},"class_list":["post-2463","page","type-page","status-publish","hentry"],"kubio_ai_page_context":{"short_desc":"","purpose":"general"},"_links":{"self":[{"href":"https:\/\/ff-margarethenhoehe.de\/index.php?rest_route=\/wp\/v2\/pages\/2463","targetHints":{"allow":["GET"]}}],"collection":[{"href":"https:\/\/ff-margarethenhoehe.de\/index.php?rest_route=\/wp\/v2\/pages"}],"about":[{"href":"https:\/\/ff-margarethenhoehe.de\/index.php?rest_route=\/wp\/v2\/types\/page"}],"author":[{"embeddable":true,"href":"https:\/\/ff-margarethenhoehe.de\/index.php?rest_route=\/wp\/v2\/users\/1"}],"replies":[{"embeddable":true,"href":"https:\/\/ff-margarethenhoehe.de\/index.php?rest_route=%2Fwp%2Fv2%2Fcomments&post=2463"}],"version-history":[{"count":1,"href":"https:\/\/ff-margarethenhoehe.de\/index.php?rest_route=\/wp\/v2\/pages\/2463\/revisions"}],"predecessor-version":[{"id":6180,"href":"https:\/\/ff-margarethenhoehe.de\/index.php?rest_route=\/wp\/v2\/pages\/2463\/revisions\/6180"}],"up":[{"embeddable":true,"href":"https:\/\/ff-margarethenhoehe.de\/index.php?rest_route=\/wp\/v2\/pages\/2449"}],"wp:attachment":[{"href":"https:\/\/ff-margarethenhoehe.de\/index.php?rest_route=%2Fwp%2Fv2%2Fmedia&parent=2463"}],"curies":[{"name":"wp","href":"https:\/\/api.w.org\/{rel}","templated":true}]}}