{"id":2455,"date":"2016-06-20T00:51:12","date_gmt":"2016-06-19T22:51:12","guid":{"rendered":"http:\/\/ff-margarethenhoehe.de\/?page_id=2455"},"modified":"2024-03-17T14:58:34","modified_gmt":"2024-03-17T13:58:34","slug":"sprechfunkausbildung","status":"publish","type":"page","link":"https:\/\/ff-margarethenhoehe.de\/?page_id=2455","title":{"rendered":"Sprechfunk"},"content":{"rendered":"<p style=\"text-align: justify;\"><span style=\"font-family: Arial,sans-serif;\"><strong>Ausbildung zum Sprechfunker<\/strong><br \/>\nDa die Anzahl der Teilnehmer im Sprechfunkbetrieb bei der Feuerwehr, Polizei, den Rettungsdiensten und allen anderen Beh\u00f6rden und Organisationen mit Sicherheitsaufgaben (BOS) enorm ist, m\u00fcssen die Feuerwehrkr\u00e4fte den Sprechfunkbetrieb an Einsatzstellen und im allgemeinen Dienstbetrieb sicher beherrschen. Ziel der Ausbildung, ist die Kenntnis der Grundlagen des Sprechfunkbetriebs der nichtpolizeilichen Gefahrenabwehr und die \u00dcbermittlung von Nachrichten mit Sprechfunkger\u00e4ten im Feuerwehrdienst. In dem 16-st\u00fcndigen Lehrgang, lernen die Lehrgangsteilnehmer neben theoretischen Inhalten, wie z.B. Rechtsgrundlagen und physikalischen Grundlagen, auch in unterschiedlichen praktischen \u00dcbungen die Regeln des Sprechfunkbetriebes. In erster Linie gilt es, die entsprechenden Vorschriften kennenzulernen und umzusetzen. Nach einem schriftlichen Leistungsnachweis und einer praktischen Funk\u00fcbung d\u00fcrfen neue Sprechfunker in den \u00dcbungs- und Einsatzdienst an den Funkger\u00e4ten eingesetzt werden.<\/span><\/p>\n","protected":false},"excerpt":{"rendered":"<p>Ausbildung zum Sprechfunker Da die Anzahl der Teilnehmer im Sprechfunkbetrieb bei der Feuerwehr, Polizei, den Rettungsdiensten und allen anderen Beh\u00f6rden und Organisationen mit Sicherheitsaufgaben (BOS) enorm ist, m\u00fcssen die Feuerwehrkr\u00e4fte den Sprechfunkbetrieb an Einsatzstellen und im allgemeinen Dienstbetrieb sicher beherrschen. Ziel der Ausbildung, ist die Kenntnis der Grundlagen des Sprechfunkbetriebs der nichtpolizeilichen Gefahrenabwehr und die [&hellip;]<\/p>\n","protected":false},"author":1,"featured_media":0,"parent":2449,"menu_order":2,"comment_status":"closed","ping_status":"closed","template":"full-width","meta":{"saved_in_kubio":true,"footnotes":"","_links_to":"","_links_to_target":""},"class_list":["post-2455","page","type-page","status-publish","hentry"],"kubio_ai_page_context":{"short_desc":"","purpose":"general"},"_links":{"self":[{"href":"https:\/\/ff-margarethenhoehe.de\/index.php?rest_route=\/wp\/v2\/pages\/2455","targetHints":{"allow":["GET"]}}],"collection":[{"href":"https:\/\/ff-margarethenhoehe.de\/index.php?rest_route=\/wp\/v2\/pages"}],"about":[{"href":"https:\/\/ff-margarethenhoehe.de\/index.php?rest_route=\/wp\/v2\/types\/page"}],"author":[{"embeddable":true,"href":"https:\/\/ff-margarethenhoehe.de\/index.php?rest_route=\/wp\/v2\/users\/1"}],"replies":[{"embeddable":true,"href":"https:\/\/ff-margarethenhoehe.de\/index.php?rest_route=%2Fwp%2Fv2%2Fcomments&post=2455"}],"version-history":[{"count":1,"href":"https:\/\/ff-margarethenhoehe.de\/index.php?rest_route=\/wp\/v2\/pages\/2455\/revisions"}],"predecessor-version":[{"id":6182,"href":"https:\/\/ff-margarethenhoehe.de\/index.php?rest_route=\/wp\/v2\/pages\/2455\/revisions\/6182"}],"up":[{"embeddable":true,"href":"https:\/\/ff-margarethenhoehe.de\/index.php?rest_route=\/wp\/v2\/pages\/2449"}],"wp:attachment":[{"href":"https:\/\/ff-margarethenhoehe.de\/index.php?rest_route=%2Fwp%2Fv2%2Fmedia&parent=2455"}],"curies":[{"name":"wp","href":"https:\/\/api.w.org\/{rel}","templated":true}]}}