{"id":2451,"date":"2016-06-20T00:49:16","date_gmt":"2016-06-19T22:49:16","guid":{"rendered":"http:\/\/ff-margarethenhoehe.de\/?page_id=2451"},"modified":"2024-03-17T14:59:23","modified_gmt":"2024-03-17T13:59:23","slug":"grundausbildung","status":"publish","type":"page","link":"https:\/\/ff-margarethenhoehe.de\/?page_id=2451","title":{"rendered":"Grundausbildung"},"content":{"rendered":"<p style=\"text-align: justify;\"><span style=\"font-family: Arial,sans-serif;\"><strong>Truppmannausbildung Teil 1\/2<\/strong><br \/>\nGrundlage jedes Feuerwehreinsatzes sind gut ausgebildete Feuerwehrangeh\u00f6rige. Die Ausbildung der ehrenamtlichen Feuerwehrangeh\u00f6rigen richtet sich nach der Feuerwehrdienstvorschrift 2. In einem 70-st\u00fcndigen Lehrgang werden den Feuerwehranw\u00e4rtern die Grundbegriffe des &#8220;Feuerwehrhandwerks&#8221; vermittelt.\u00a0 Neben den theoretischen Kenntnissen wie Rechtsgrundlagen, Brennen und L\u00f6schen, steht haupts\u00e4chlich praktische Ausbildung auf dem Programm. Von den Grunds\u00e4tzen eines L\u00f6scheinsatzes, \u00fcber die Einweisung\/Erkundung in die (unterschiedlichen) Fahrzeuge\/Fahrzeugarten\/-gruppen, bis zum Einsatz von hydraulischen Rettungsger\u00e4ten richtet sich die Palette. Am Ende der Ausbildung warten auf die Lehrgangsteilnehmer eine schriftliche und mehrere praktische \u00dcbungen als Pr\u00fcfung in der Gruppe. Das Ausbildungsziel ist, dass die Teilnehmer unter Anleitung grundlegende T\u00e4tigkeiten in der Funktion eines Truppmannes im L\u00f6sch- und Hilfeleistungseinsatz aus\u00fcben k\u00f6nnen.<\/span><\/p>\n<p style=\"text-align: justify;\"><span style=\"font-family: Arial,sans-serif;\"><strong>Truppmannausbildung Teil 3\/4<\/strong><br \/>\nDie jungen Feuerwehrangeh\u00f6rigen sollen in den ersten Monaten in ihrer Feuerwehr ihre Kenntnisse und Fertigkeiten festigen. Routine ist durch nichts zu ersetzen, und so muss vieles, was in der Grundausbildung gelernt wurde, in dem Lehrgang \u201eTruppmannausbildung Teil 3\/4\u201c vertieft und erweitert werden. Die Truppmannausbildung (Grundausbildung)\u00a0ist innerhalb eines Jahres abgeschlossen. Die Ausbildungszeiten zum TM 1\/2 sind meistens im Fr\u00fchling und nachfolgend der TM 3\/4 im Herbst desselben Jahres. Es wird sich jeden Mittwoch von 19:00 Uhr &#8211; 22:00 Uhr und jeden Samstag von 08:00 Uhr &#8211; 15:00 Uhr getroffen. Beide Lehrg\u00e4nge umfassen jeweils eine Ausbildungszeit von sechs Wochen.<\/p>\n<p><iframe loading=\"lazy\" src=\"\/\/www.youtube.com\/embed\/UB-RdkfhT1A\" width=\"800\" height=\"600\" allowfullscreen=\"allowfullscreen\"><\/iframe><\/span><\/p>\n","protected":false},"excerpt":{"rendered":"<p>Truppmannausbildung Teil 1\/2 Grundlage jedes Feuerwehreinsatzes sind gut ausgebildete Feuerwehrangeh\u00f6rige. Die Ausbildung der ehrenamtlichen Feuerwehrangeh\u00f6rigen richtet sich nach der Feuerwehrdienstvorschrift 2. In einem 70-st\u00fcndigen Lehrgang werden den Feuerwehranw\u00e4rtern die Grundbegriffe des &#8220;Feuerwehrhandwerks&#8221; vermittelt.\u00a0 Neben den theoretischen Kenntnissen wie Rechtsgrundlagen, Brennen und L\u00f6schen, steht haupts\u00e4chlich praktische Ausbildung auf dem Programm. Von den Grunds\u00e4tzen eines L\u00f6scheinsatzes, \u00fcber [&hellip;]<\/p>\n","protected":false},"author":1,"featured_media":0,"parent":2449,"menu_order":1,"comment_status":"closed","ping_status":"closed","template":"full-width","meta":{"saved_in_kubio":true,"footnotes":"","_links_to":"","_links_to_target":""},"class_list":["post-2451","page","type-page","status-publish","hentry"],"kubio_ai_page_context":{"short_desc":"","purpose":"general"},"_links":{"self":[{"href":"https:\/\/ff-margarethenhoehe.de\/index.php?rest_route=\/wp\/v2\/pages\/2451","targetHints":{"allow":["GET"]}}],"collection":[{"href":"https:\/\/ff-margarethenhoehe.de\/index.php?rest_route=\/wp\/v2\/pages"}],"about":[{"href":"https:\/\/ff-margarethenhoehe.de\/index.php?rest_route=\/wp\/v2\/types\/page"}],"author":[{"embeddable":true,"href":"https:\/\/ff-margarethenhoehe.de\/index.php?rest_route=\/wp\/v2\/users\/1"}],"replies":[{"embeddable":true,"href":"https:\/\/ff-margarethenhoehe.de\/index.php?rest_route=%2Fwp%2Fv2%2Fcomments&post=2451"}],"version-history":[{"count":1,"href":"https:\/\/ff-margarethenhoehe.de\/index.php?rest_route=\/wp\/v2\/pages\/2451\/revisions"}],"predecessor-version":[{"id":6183,"href":"https:\/\/ff-margarethenhoehe.de\/index.php?rest_route=\/wp\/v2\/pages\/2451\/revisions\/6183"}],"up":[{"embeddable":true,"href":"https:\/\/ff-margarethenhoehe.de\/index.php?rest_route=\/wp\/v2\/pages\/2449"}],"wp:attachment":[{"href":"https:\/\/ff-margarethenhoehe.de\/index.php?rest_route=%2Fwp%2Fv2%2Fmedia&parent=2451"}],"curies":[{"name":"wp","href":"https:\/\/api.w.org\/{rel}","templated":true}]}}